+ v - 236 = a. Is v a prime number?
False
Let z = 104132 + -35575. Is z composite?
True
Let c(r) = -9*r**3 + 88*r**2 - 5*r - 31. Is c(-10) composite?
True
Is 2 - (4 + (-123595 - 6)) a prime number?
False
Let s = -146 + 146. Suppose 3*m - c - 25403 = s, 2*m = -0*m + 2*c + 16938. Is m a prime number?
True
Let y(q) = -q**2 - 162*q + 325627. Is y(0) composite?
False
Let x be 3/(-6) - ((-225)/6 - -3). Let z = 30 - x. Is (z/(1 - 3))/(6/1869) a composite number?
True
Suppose -29*b = -24*b + 35. Is 2058 + b - (7 - 1) composite?
True
Let i(y) = -65*y - 173*y - 229*y + 184 + 84*y. Is i(-35) composite?
True
Let b = 29217 + -15436. Is b composite?
False
Let x(v) = 253*v**2 + 57*v - 17. Is x(-15) a composite number?
False
Let z be 3*4 - (-12 - -12). Let w = 12 - z. Suppose w = 2*p - 7*p + 3755. Is p prime?
True
Let n be 3 + (-88 - (-6)/3). Let m = 50 + n. Is (-3212)/m - (-2)/(-6) a composite number?
False
Suppose 144*n - 414*n = -18530910. Is n a composite number?
False
Let a = 318 - 312. Let u(h) = 609*h + 193. Is u(a) a prime number?
True
Suppose -48 = 4*r - 16. Let b be 1/((5 - 1)/r). Is ((-637)/(-14))/(b/(-4)) composite?
True
Let m(d) = 11*d**2 + 3*d - 3. Let v = -114 - -110. Is m(v) prime?
False
Suppose 4808 = 5*i + 238. Suppose 2 + 2 = 5*m + 3*x, 2*m + 14 = 4*x. Is (-1 - (3 + m) - 0) + i prime?
True
Suppose 381*q - 369*q = 1320204. Is q composite?
False
Let a be 5*(3 + 29088/45). Suppose -w - 4*g - a = -9272, -12057 = -2*w - g. Is w a composite number?
False
Let s be (42/(-24))/(2/8). Let y(w) = -15*w**3 - 12*w**2 - 13*w - 11. Is y(s) composite?
False
Is (-2)/5*28983285/(-54) prime?
True
Let j(i) = 6*i - 26. Suppose -4 = -g - 3*o, -3*g - 2*g - 4*o + 31 = 0. Let c(n) = 6*n - 25. Let p(v) = g*c(v) - 6*j(v). Is p(13) a prime number?
True
Let m = 3632 - 2135. Suppose -5*s - m = -19212. Is s composite?
True
Suppose -c - 1110380 = -2*x, 0 = -x + 2864*c - 2860*c + 555169. Is x composite?
True
Suppose 2*s + 12 = -2*r, -5*s = 45*r - 50*r. Is 0 - (121839/r - -6) composite?
True
Suppose 5*m = 55 - 20. Let u(i) = -1557*i + 15. Let n be u(m). Is (n/24)/((-2)/4) a prime number?
True
Suppose 16 + 24 = 4*y. Suppose t = 5*a - 0*t - 17, 2*t = -a + y. Suppose 7*f - 2*f - 3*l = 3348, a*l + 3349 = 5*f. Is f composite?
True
Suppose -46*i + 32594 + 87650 = 0. Is i prime?
False
Let t(p) be the third derivative of 1/3*p**3 + 10*p**2 + 0 + 0*p + 13/3*p**4. Is t(3) prime?
False
Let l be ((-64)/112)/((-4)/28). Suppose l*g - 4*p - 13848 = 0, -17301 = -5*g - 10*p + 12*p. Is g a composite number?
True
Suppose 3*x + 5*r - 35 = 0, -2*r = 4*x - 5*r - 66. Let u be 28/10 + x/75. Is 1/u + (-5192)/(-3) + 2 composite?
False
Let d be (-47394)/(-48) - (-1)/((-24)/9). Let n = d + 8356. Is n a composite number?
False
Is 0 + -19 + 4 + 10502 a composite number?
False
Suppose 26*h + 2*t = 31*h + 45488, 2*h + 4*t = -18176. Let c = 45529 + h. Is c prime?
True
Let i(p) = -12*p + 245. Let t be i(-15). Let a = 3004 - t. Is a a composite number?
False
Suppose 2*f - 21 = -i, -4*f + 12*i + 52 = 16*i. Suppose 0 = -4*p + d + 181124, 10*d = 2*p + f*d - 90562. Is p composite?
False
Suppose 74 = 56*g + 186. Is g + 3299 + 4/(-14)*-7 a prime number?
True
Suppose 0 = -14*q + 17*q. Suppose q = 5*n - 2*l - 86249, 17*n + 2*l = 14*n + 51759. Is n a prime number?
False
Suppose 2*q = q + 2*x - 12669, -4*x + 38011 = -3*q. Let m be q/12*-2 - (-3)/(-18). Let p = -775 + m. Is p a composite number?
True
Suppose -8*k = -12*k - 4*g + 1021260, 4*g + 1021244 = 4*k. Is k prime?
True
Suppose v + f - 195 = 0, -29*f = -3*v - 24*f + 553. Is v prime?
True
Let v(a) = -122*a**3 - 3*a**2 + 3*a + 13. Let b(n) = n**3 + 13*n**2 - 3*n - 42. Let i be b(-13). Is v(i) a composite number?
False
Suppose -3*r + 664617 = 3*d, 0*d - 886192 = -4*d + 5*r. Is d a composite number?
True
Suppose -4*b = 2*s - 16, -2*s + s - 10 = -4*b. Suppose b*w + 66069 = 30*w. Is w composite?
False
Let i be (-2)/10 + (-240)/(-75). Let l(r) = 144*r**2 - 21*r - 89*r**2 + 270*r**2 - 3. Is l(i) composite?
True
Suppose 68909 = -160*i + 41880 + 1532469. Is i composite?
True
Let r(m) = 13*m**3 + 29*m**2 + 63*m + 12. Let a be r(-32). Is (a/(12/(-1)))/((-2)/(-2)) a composite number?
False
Let w(l) = -16534*l - 1079. Is w(-7) prime?
True
Let h be (-2 + -3 + (-45)/(-10))*0. Suppose h = 5*g - 5*t - 16755, 0*t - 4*t + 6678 = 2*g. Is g a prime number?
True
Let x(l) be the first derivative of l**4/2 - 26*l**3/3 + 3*l**2 - 55*l - 85. Is x(19) prime?
True
Let x(p) = -9614*p + 1053. Is x(-7) composite?
False
Is -163 + 170 - (-924 - 2)/(2/388) a prime number?
True
Is ((-24)/20 - 92163/(-15))/1 prime?
True
Let g be (-1)/(0 - (-2)/(-10)). Let j = -2895 + 2897. Suppose 1166 - 381 = f + 3*r, -j*r + 3951 = g*f. Is f prime?
False
Suppose -77 + 7 = -7*d. Is (-11794)/d*(0 + -5) composite?
False
Suppose -67*a + 4 = -69*a. Is (6 - -961) + (a - (-12)/2) prime?
True
Suppose 0 = -4*k - 13*k + 119. Suppose 0 = k*o + 14*o - 181965. Is o composite?
True
Suppose -3*c + 32403 = 5*j, -2*j = c + c - 21602. Suppose 26*a = 19*a + c. Is a a prime number?
True
Let r(v) = -2*v**2 - 52*v + 55. Let i be r(-27). Is (0 - -773) + (-3 - i) prime?
True
Let c(n) = 2*n**2 + 38*n - 80. Let v be c(-21). Suppose -w + 6*i - i = -359, -v*w - 3*i + 1528 = 0. Is w a composite number?
False
Let w(b) = 1114*b + 32 + 38 - 73. Is w(1) composite?
True
Let l(i) = i + 2429. Suppose 4*a = -3*h - 22 + 144, 2*h = 5*a - 141. Let y = a + -29. Is l(y) a composite number?
True
Suppose -7*k = v - 12*k - 175956, -351936 = -2*v + 2*k. Is v a prime number?
False
Is (-14862)/(-1) - (-4 - 1) a composite number?
False
Suppose -31*r + 10383894 - 2842525 = 30*r. Is r a composite number?
True
Let g = -214 + 368. Suppose 5*z + g - 454 = 0. Is (-2)/(-10) - 4936/z*-3 a prime number?
False
Let r = -314 + 367. Suppose r*v - 57*v = -4796. Is v a composite number?
True
Suppose 4*p = -3*p. Suppose p = 4*l - 3*j - 10303, -2*j + 4804 + 8092 = 5*l. Is l a prime number?
False
Is 7 + (-4 - -12) - -171368 prime?
True
Suppose 2*o - 4*z = 55835 + 45803, z = -4. Is o a prime number?
False
Suppose -139 = -4*m + 349. Let k(y) = -22 + 0 - 11 + m*y. Is k(7) prime?
True
Let q be 16/10*(-6)/(48/(-20)). Suppose -q*z + 9*z = 5*o + 4370, 5*z - 4370 = o. Suppose 3*i = i + z. Is i prime?
False
Let f be ((-65)/156*8)/((-1)/(-12)). Is (-30985)/(-4) + (-30)/f prime?
False
Let v(b) = 3*b**2 - 146*b + 44. Let a be v(-24). Suppose f - 3 = 8. Suppose f*i - 3957 = 8*i - 3*n, 4*n + a = 4*i. Is i a prime number?
True
Let i(a) = 222*a**2 - 9*a - 49. Let u be (-4 - 18/(-5))*15. Is i(u) composite?
True
Let d(g) = -29*g**3 - 11*g**2 - 31*g - 22. Is d(-9) a composite number?
False
Is (-3)/2*80009428/(-354) a composite number?
False
Let m(v) = 27573*v + 2612. Is m(5) a composite number?
False
Let r be (5 + 426/(-18))/(4/(-90)). Suppose -4204 = -5*k + 1711. Let l = k - r. Is l prime?
False
Is ((-2)/8)/((-26)/16) - 311537208/(-7384) a prime number?
False
Let j(n) = -n**3 + 12*n**2 + 4*n - 10. Suppose 14*s + 66 + 18 = 0. Is j(s) a prime number?
False
Suppose 4*l = -5*l + 1732473. Is l prime?
True
Is (-5)/1 + (5 - (4 - 140225)) prime?
True
Let p(o) = -4*o**3 - 15*o**2 + 54*o + 47. Is p(-36) composite?
False
Suppose -156 = 4*j + 2*g, -2*g = -5*j + g - 217. Let y be 3 - (-4)/(-2)*j. Suppose -3*p + 2*q = -y, q - 159 = 4*p - 9*p. Is p a composite number?
False
Suppose -5*q - 3*x + 26 = 0, 2*q + 54 - 66 = -2*x. Suppose -2*a - a - 4*o = 730, 3*a = o - 740. Is (58/(-3))/(q/a) a composite number?
True
Suppose 0 = 2*f + 4*y + 105785 - 572615, -700249 = -3*f - 2*y. Is f a prime number?
True
Suppose 4*z - 33 = -9. Is (-4)/14 - (z - 38831/7) composite?
True
Let s be (-1404)/(-180) + (24/10)/(-3). Suppose -s*k - k = -1808. Is k a composite number?
True
Is 2/3*(-678684)/(-8) + 0 prime?
False
Let v be 6 + -2 + 14714/(-1). Let p = v + 28122. Suppose 13*z + p = 17*z. Is z composite?
True
Let u be (36 - 31)*(-3)/(-5). Is 746466/57 + u - 16/(-152) composite?
False
Let m = 0 - -10. Is ((-1)/1)/(m/(24670/(-1))) a prime number?
True
Let w be 44 + 0 + 0/1. Let h = w - 56. Let n(r) = -284*r + 10. Is n(h) a prime number?
False
Let x(h) = 233*h**2 - 2*h + 96. Let d = 497 - 486. Is x(d) a prime number?
False
Suppose -3*k + 50 = 5*h, -5*k - 6*h + 3*h = -110. Suppose -14*o = -k*o + 186109. Is o a composite number?
True
